at is 10d + -1308d?
-12d80
In base 8, what is 776 - 20702?
-17704
In base 13, what is -120 - -479b39?
479a19
In base 13, what is -13 + -424633a?
-4246350
In base 10, what is 487 - -96066?
96553
In base 5, what is 1021122214 + -432?
1021121232
In base 7, what is 4314 + -44406?
-40062
In base 8, what is -76564 + 1134?
-75430
In base 10, what is -18921 + 5548?
-13373
In base 9, what is 357671 + -5556?
352114
In base 9, what is -38 - 5451118?
-5451157
In base 11, what is 212 - 73770?
-73559
In base 16, what is 1c06 - -ca8?
28ae
In base 16, what is -ec0 + -126b?
-212b
In base 11, what is 238333 + 59?
238391
In base 12, what is -14805 + -1441?
-16046
In base 6, what is 115 - -504032000?
504032115
In base 3, what is 10210 + -1021222012112?
-1021222001202
In base 14, what is -228307 - 321?
-228628
In base 9, what is -214 - 144562?
-144776
In base 9, what is 5 + -22827255?
-22827250
In base 7, what is 151346256 + 32?
151346321
In base 16, what is -52 + -3101?
-3153
In base 4, what is 310322302132 - 23?
310322302103
In base 15, what is -9 - -781db6b?
781db62
In base 4, what is 210120132220120 + 10?
210120132220130
In base 12, what is 208b343 - 0?
208b343
In base 2, what is -10100110110011 - -10111100111100?
10110001001
In base 6, what is -21103 + -21523?
-43030
In base 3, what is -212010121012 + 1221?
-212010112021
In base 10, what is -13 + -761615?
-761628
In base 15, what is 80604 + -a2?
80552
In base 7, what is 34626532 + -66?
34626433
In base 3, what is -210 + 1121220122120?
1121220121210
In base 9, what is 10685 + 116141?
126836
In base 9, what is 26 - 2227014?
-2226877
In base 9, what is 1 + 3773424?
3773425
In base 6, what is -340100442 + -2?
-340100444
In base 15, what is -e8dd + -576?
-ee64
In base 5, what is -23433 + -120413120?
-120442103
In base 4, what is -12322130 - -33?
-12322031
In base 13, what is a011b2 + -26?
a01189
In base 15, what is -2 + a1ca925?
a1ca923
In base 4, what is -1210320122 - 10122?
-1210330310
In base 12, what is 1 + 463a214b?
463a2150
In base 6, what is -543453 + -3035?
-550532
In base 9, what is -30602 + 17?
-30574
In base 15, what is 2b9 + eb8?
1282
In base 11, what is 3 + 68a8196a?
68a81972
In base 12, what is -975a8 + 94?
-97514
In base 12, what is 7107087 - 13?
7107074
In base 6, what is 10104021 + -12342?
10051235
In base 4, what is -12030123 - -23132?
-12000331
In base 3, what is -10002010211112121100 + 1?
-10002010211112121022
In base 4, what is -10133 + -2033311?
-2110110
In base 13, what is -1239335 + -18?
-1239350
In base 8, what is -6252564 - 127?
-6252713
In base 4, what is -10 - -30023000201?
30023000131
In base 14, what is 2 - -1dd8915?
1dd8917
In base 4, what is -3010230131031 - -10?
-3010230131021
In base 13, what is b6 - 441a?
-4334
In base 2, what is 10100001111110011111011001 + 10?
10100001111110011111011011
In base 15, what is -19c - 3a66e?
-3a81b
In base 4, what is -3 + -11133111013?
-11133111022
In base 10, what is 59086 - 583?
58503
In base 2, what is 1001011 - -11101110011011011?
11101110100100110
In base 7, what is -5400 + -1555?
-10255
In base 10, what is -4168031 + -1?
-4168032
In base 2, what is -100001111101101 - -1001011011?
-100000110010010
In base 12, what is -1 - 8a876632?
-8a876633
In base 3, what is -100 + -202010200101111?
-202010200101211
In base 13, what is -1121b453 - 1?
-1121b454
In base 12, what is 16 - ba0abb?
-ba0aa5
In base 14, what is -122985 + -26?
-1229ab
In base 14, what is 1 - -849558a?
849558b
In base 16, what is -7968a2 + -1?
-7968a3
In base 7, what is -111 + -2450616?
-2451030
In base 15, what is 6a4e - -40d?
6e5c
In base 4, what is -12 + 120321320113?
120321320101
In base 3, what is -22121221 + 2022?
-22112122
In base 9, what is -657 + 22423?
21655
In base 9, what is -2 - -485704?
485702
In base 13, what is -b - 68c40?
-68c4b
In base 6, what is 122135 + 45334?
211513
In base 8, what is 64207113 + -2?
64207111
In base 14, what is -2a37 - 5c18?
-8851
In base 7, what is 11321064 - 12?
11321052
In base 14, what is -131 + -77db0?
-78101
In base 16, what is 54 + -5f9a?
-5f46
In base 11, what is -1727 - 14190?
-15907
In base 8, what is 32 - 1316754?
-1316722
In base 7, what is 620635654 - 6?
620635645
In base 14, what is 29ba7 + 1c44?
2ba0b
In base 3, what is -2 + -120120212221221?
-120120212222000
In base 5, what is -1041 + -100314213?
-100320304
In base 6, what is -2 - 431323230?
-431323232
In base 6, what is -104 + 32354154?
32354050
In base 2, what is 1 + -100000010011010010011001010?
-100000010011010010011001001
In base 4, what is -3 + -1131112003021?
-1131112003030
In base 14, what is 7b16 + -73?
7a83
In base 16, what is 20c - -107aa?
109b6
In base 12, what is 1666 + 2b51?
45b7
In base 5, what is 110103231 - -134?
110103420
In base 11, what is 1 + 1054432?
1054433
In base 16, what is -37c + 4abe4?
4a868
In base 4, what is 1311 - 11300031?
-11232120
In base 9, what is 74 - 308001?
-307816
In base 9, what is 2718 + 344312?
347131
In base 6, what is 11022332 - 1521?
11020411
In base 11, what is -417560 - -19?
-417542
In base 10, what is 4669 + 2499?
7168
In base 7, what is -34052 + 6425?
-24324
In base 16, what is 79f6 - 846?
71b0
In base 7, what is -36 - 1402356?
-1402425
In base 8, what is 3 - -1045106?
1045111
In base 3, what is -12 - 10020120202121011?
-10020120202121100
In base 3, what is -22102201120211 - -22?
-22102201120112
In base 4, what is -11310331232212 - -110?
-11310331232102
In base 5, what is 44030 - 4010?
40020
In base 12, what is -145699 - 8?
-1456a5
In base 10, what is -1 - -14542944?
14542943
In base 7, what is -600 - -20215566?
20214666
In base 7, what is 36032 - 11?
36021
In base 15, what is 21c7 + 27b?
2453
In base 13, what is 2 - -19784669?
1978466b
In base 9, what is -8 - 38201166?
-38201175
In base 11, what is 11214596 - a?
11214587
In base 15, what is -3a7b + -179b?
-5327
In base 13, what is 270964 - 9?
270958
In base 7, what is -62062051 - 11?
-62062062
In base 4, what is -211122131211212 - 1?
-211122131211213
In base 10, what is -10806 - 9959?
-20765
In base 12, what is 230 - 1b332b?
-1b30bb
In base 8, what is -765 + -15013?
-16000
In base 6, what is 520415123 - 241?
520414442
In base 10, what is -17923 + 25425?
7502
In base 9, what is -815155 - 103?
-815258
In base 6, what is 132123125 - 32?
132123053
In base 2, what is 10100001011010010110 + 10010?
10100001011010101000
In base 6, what is -1041311540 + 4?
-1041311532
In base 13, what is 91c9 + 5?
9201
In base 8, what is -241731 + 1333?
-240376
In base 11, what is 996 + 1816a?
19055
In base 5, what is 20222412223 - -13?
20222412241
In base 6, what is 4 + -14022233?
-14022225
In base 12, what is -948332 - 17?
-948349
In base 3, what is -2 + 121200222212201?
121200222212122
In base 5, what is -101014440313 - -43?
-101014440220
In base 3, what is -11001222 - 2021222?
-20100221
In base 9, what is 7624251 - 5?
7624245
In base 6, what is -54 - -50505052?
50504554
In base 10, what is -474033 + -54?
-474087
In base 16, what is -18 + 4e4acb?
4e4ab3
In base 8, what is 4 - 34504552?
-34504546
In base 6, what is 25 + -21543504?
-21543435
In base 15, what is -26eb6 - -1d1e?
-25197
In base 15, what is -162e3ca + -8?
-162e3d3
In base 3, what is 12 - 11202021111?
-11202021022
In base 7, what is 24002151364 - 4?
24002151360
In base 6, what is 30 + 5521345?
5521415
In base 12, what is 10308 + 16ba?
11a06
In base 2, what is -110001111000010010011110 - 10111?
-110001111000010010110101
In base 9, what is -7585368 - 20?
-7585388
In base 13, what is -4160a986 + 3?
-4160a983
In base 7, what is 20545536603 + 2?
20545536605
In base 13, what is -138 + 1742?
1607
In base 14, what is 3 + 727d44?
727d47
In base 6, what is 4423 + -422342?
-413515
In base 13, what is 3bb64922 - -2?
3bb64924
In base 5, what is 14420203143 - -11?
14420203204
In base 5, what is 14431 - 131230?
-111244
In base 13, what is 49c6c28 - 8?
49c6c20
In base 6, what is -403 + 450112343?
450111540
In base 12, what is -27 + -1261aab?
-1261b16
In base 11, what is 72 + -527?
-465
In base 6, what is 0 - 133234001?
-133234001
In base 14, what is -4581221 + -4?
-4581225
In base 4, what is 1330310221 - -22011?
1330332232
In base 7, what is -42210414 + 10?
-42210404
In base 12, what is 81 + -19652?
-19591
In base 3, what is -102 - 2011210201001012?
-20112